- 140. What is the remainder when 59 is divided by d?
19
Let d = -2 + 19. Let v = 22 - d. Suppose -3*s + 6*i - v*i + 13 = 0, -2*s + 4 = 4*i. Calculate the remainder when 11 is divided by s.
3
Suppose -9*v = -28 - 17. Let n(c) = c**3 - 6*c**2 + 3*c - 33. Calculate the remainder when n(7) is divided by v.
2
Suppose 0*f + r = -2*f + 8, -5*f - 2*r + 22 = 0. Let a = 9 - f. Suppose a*q - 9 = 54. Calculate the remainder when 82 is divided by q.
19
Suppose 2*s = s + 6. What is the remainder when ((-2)/(-2))/3*21 is divided by s?
1
Calculate the remainder when (145/(-15) - -1)*-3 is divided by 6.
2
What is the remainder when 58 is divided by (-25)/15 + 1 - (-87)/9?
4
Suppose 5*h = -4*o + 81, -11 - 1 = -h - 5*o. Let s = 2 - 0. Suppose -33 = -s*r + r. What is the remainder when r is divided by h?
16
Suppose 4*i = w - 191 + 542, -3*w - 261 = -3*i. Calculate the remainder when 2023 is divided by i.
87
Let m be 20/5 - (-1 - -101). Let w be 21/2*m/18. Let l = w - -86. What is the remainder when l is divided by 16?
14
Let g = -594 + 627. Calculate the remainder when 223 is divided by g.
25
Calculate the remainder when ((-7)/1)/((-2)/14) is divided by 3 + (-115)/40 - 555/(-40).
7
Let w(p) = p**2 + 5*p + 5. Calculate the remainder when w(-5) is divided by (0 + 2/4)/(52/104).
0
Let v be 1*(-25 - 0)*1. Let z = 83 + v. Suppose r = -r + z. What is the remainder when r is divided by 8?
5
Suppose y - 1 = 8. Suppose y = 3*n - 18. Calculate the remainder when (-12)/(1/(-1 - 1)) is divided by n.
6
Suppose 53 + 27 = 20*d. Suppose 267 + 209 = d*t. Calculate the remainder when t is divided by 24.
23
Let w(c) = c**2 - 5*c - 4. Let u be w(3). Suppose 2 = -n - 5. Calculate the remainder when (n - u) + (15 - -1) is divided by 10.
9
Let i(n) = n**3 + 5*n**2 - 2*n + 11. Let t be i(-6). Let f = t - -25. Calculate the remainder when 59 is divided by f.
11
Calculate the remainder when 5 - (2840/100)/((-2)/10) is divided by 23.
9
Suppose 43*p - 24*p - 1957 = 0. Calculate the remainder when p is divided by 12.
7
Let m(b) = -2*b**2 + 40*b - 44. Calculate the remainder when 251 is divided by m(18).
27
Suppose -4*g = 18*q - 15*q - 280, 0 = -5*q + 2*g + 432. Calculate the remainder when q is divided by 46.
42
Suppose -80 = -5*v - x + 14, 2*x = -3*v + 55. Calculate the remainder when 376 is divided by v.
15
Suppose z = -0*z + 3*m + 6, -3*m = 6. Suppose -2*u + 0 - 4 = z. Let c(g) = -g**3 - g**2 - 2*g - 2. Calculate the remainder when 16 is divided by c(u).
4
Suppose -2*n + 6*n = 108. Let a = -12 + n. What is the remainder when 41 is divided by a?
11
Suppose 2*q - 4*f = 1739 - 289, -2*q - 4*f + 1418 = 0. What is the remainder when q is divided by 40?
37
Calculate the remainder when 270/15 + -16 - (-1 + -177) is divided by 13.
11
Suppose -3*u = -3*k, -1 = 3*k - 5*u - 3. Let p = k + 12. Calculate the remainder when 17 + -4*(-9)/12 is divided by p.
9
Let w(c) be the third derivative of -9*c**4/8 - 17*c**2. What is the remainder when 77 is divided by w(-1)?
23
Suppose 2*m + 3*m - 100 = -c, 2*m - 5*c = 40. Suppose -21 - m = -u - 3*w, -4*u = -3*w - 89. What is the remainder when u is divided by 16?
10
Let h(y) = 2*y + 20. Let a be h(-10). Suppose 8*z - 4*z - 20 = a. What is the remainder when z is divided by 2?
1
Let f(q) = q**3 + 8*q**2 + 6*q - 7. Let c(b) = b**2 + 6*b + 2. Let d be c(-4). What is the remainder when 83 is divided by f(d)?
25
Suppose 0 = 8*c - 176 - 248. Calculate the remainder when 105 is divided by c.
52
Let f = 38 + -20. Let x = -455 - -488. Calculate the remainder when x is divided by f.
15
Suppose 0 = -3*k + 3*f - 0*f + 234, 2*k - 168 = -2*f. Let c = -26 - -54. Calculate the remainder when k is divided by c.
25
Suppose 0 = -v + 4*p + 21, 5*v + 2*p = -0*v + 127. What is the remainder when 79 is divided by v?
4
What is the remainder when 179 is divided by 115/13 - 15/((-780)/8)?
8
Let s(o) = 12*o**2 + 22*o - 11. Let p = -132 - -190. What is the remainder when s(-6) is divided by p?
57
Let l(i) = -i**3 + 11*i**2 - 5*i - 33. Calculate the remainder when l(3) is divided by -18*1*(-1)/2.
6
Suppose 0 = 69*d - 72*d - 4*q + 325, -3*d + 317 = -4*q. Calculate the remainder when d is divided by 35.
2
Let s be 12/(-9)*(-12)/16. Suppose s = -b + 2*b. Calculate the remainder when 15 + -7 + 4/b is divided by 5.
2
Let w(s) = -s**2 + 15*s - 11. Suppose 3*d + 5*h = -0*h - 6, -4*d = 4*h. Suppose 0 = -d*y + 10 + 20. Calculate the remainder when w(y) is divided by 20.
19
Let o be 0 + 0/(0 + 3). Let s(x) = -x**3 + 9*x**2 - 5*x - 9. Calculate the remainder when o + -1 + 2 + 57 is divided by s(8).
13
Let s(n) be the third derivative of n**5/20 + n**4/24 - 2*n**3/3 + n**2. Calculate the remainder when s(-2) is divided by (-108)/(-30) + (-4)/(-10).
2
Suppose 54*t - 53*t - 1007 = 0. Calculate the remainder when t is divided by 21.
20
Let c be (-1760)/99 - (-2)/(-9). Let a = c + 21. Calculate the remainder when -62*(14/(-4) + a) is divided by 11.
9
Suppose -6*x + x + 70 = 0. Suppose 71*l + 391 - 2095 = 0. Calculate the remainder when l is divided by x.
10
Suppose 0 = -4*w + 6*w - 4. Let j be (-112)/(-48) + w/3. Suppose 53 = 5*s - g - 109, j*s = -3*g + 90. Calculate the remainder when 94 is divided by s.
30
Let i = -1781 + 2196. Calculate the remainder when i is divided by 16.
15
Suppose 3*y - 7*y = -88. Calculate the remainder when y is divided by -2 - (24/(-3) - 0).
4
Let b be ((-14)/(-8))/(5/40). Suppose 0 = -u + 2*u - b. What is the remainder when (4 - 5)*80/(-2) - -1 is divided by u?
13
Let v(z) = -3*z**3 + 10*z**2 + 4*z**3 + 4 - 4*z + 5 + 14*z. Let i be v(-9). What is the remainder when 5 is divided by 3 - -4 - (i + 3)?
1
Let m(k) = -k**2 - 10*k - 2. Let r be 0/((-7)/((-14)/(-4))). Suppose -x - 4 = r, 4*h - 2*x - x - 28 = 0. What is the remainder when m(-9) is divided by h?
3
Let l(i) = 8*i - 18. Let x be l(-8). Let w = -73 - x. What is the remainder when 51 is divided by w?
6
Let q(b) = -4*b**3 - b**2 - b + 4. What is the remainder when 55 is divided by q(-2)?
21
Let h = -199 + 382. Calculate the remainder when h is divided by 35.
8
Suppose -3*b + c = -637, -640 - 429 = -5*b - 2*c. Calculate the remainder when b is divided by 36.
33
Suppose 10*a = 26*a - 320. Calculate the remainder when 112 is divided by a.
12
Let l = 27 + -2. Calculate the remainder when 31 is divided by l.
6
Let j(t) = -t**2. Let l(z) = -6*z**2 + 6*z - 7. Let a(m) = 5*j(m) - l(m). Calculate the remainder when 39 is divided by a(7).
11
Suppose -506*b + 518*b = 8340. What is the remainder when b is divided by 22?
13
Calculate the remainder when 3 - (285/(-3) + 6) is divided by 11.
4
Let o(c) = -c**3 - 13*c**2 + 11*c + 12. Let t be o(-14). Suppose 70 = 4*b - t. What is the remainder when 121 is divided by b?
28
Let y(d) = d**2 + d + 5. Let a be y(4). Suppose v - a = -4*v. What is the remainder when (18/6)/1 - (-1 + -4) is divided by v?
3
Let h = 175 + 278. What is the remainder when h is divided by 57?
54
Let n(s) = -2*s + 10. Let c be n(3). Suppose -z + c = -148. What is the remainder when z is divided by 17?
16
What is the remainder when 501 is divided by -7 + (-4)/(-12)*129?
33
Let p(q) = -q**2 + 3*q + 310. Calculate the remainder when 29 is divided by p(-16).
5
What is the remainder when (24/(-84))/((-2)/266) is divided by 5?
3
Let w = 369 - 154. Suppose -3*a = -5*o - w, 2*a - 3*a + 5*o = -65. Let n(l) = -l**2 + 14*l + 19. What is the remainder when a is divided by n(14)?
18
Let m(r) = -r**3 - r**2 + 2*r + 20. Let i be m(0). What is the remainder when 88 is divided by i/5 + 20 + -1?
19
Let d = 25 + 7. What is the remainder when 509 is divided by d?
29
Suppose -7*t = -61 - 142. What is the remainder when 111 is divided by t?
24
Suppose -10*h - 308 = h. Let x = 42 + h. Calculate the remainder when 55 is divided by x.
13
Suppose 23*u - 17*u - 180 = 0. Calculate the remainder when u is divided by 25.
5
Let t = 129 - 11. What is the remainder when t/6 + 2/(-3) is divided by ((-2)/(-4))/1*22?
8
Let n(m) = -m**3 + m**2 + m + 2. Let x be n(0). Let r = 30 + -17. Calculate the remainder when r is divided by (-1)/x*2 + 4.
1
Suppose 0 = -0*z + z - d + 5, 0 = 4*z + 5*d - 25. Suppose 0 = -b + 4*b - 3*i - 27, -2*b - 5*i - 10 = z. What is the remainder when 18 is divided by b?
3
What is the remainder when 6/(-27) + 472/18 + -2 is divided